te the greatest common divisor of w and s.
19
Suppose 0*r - 8 = -2*r. Suppose -2*t + z + 2 = -12, -r*z = 8. Suppose -4*w = -2*m - 4 - t, -5*m - 3*w = -14. What is the highest common factor of 1 and m?
1
Let y(l) = -l**2 - 11*l - 19. Let m(n) = -n**2 + n + 1. Let v(f) = -3*m(f) + y(f). Let d be v(9). What is the highest common factor of d and 20?
2
Let v(j) = 3*j**2 - 22*j + 9. Let z be v(8). Let m = 131 - 129. What is the highest common divisor of z and m?
1
Suppose 101 = 5*i + 76. Let v(n) = -2*n + 13. Let l be v(i). Suppose m - l = -2*z, -3*z = -5*z - 5*m - 17. What is the highest common factor of z and 1?
1
Let i = 134 - 130. What is the greatest common divisor of i and 4204?
4
Suppose -126 + 336 + 133 = 7*z. Calculate the highest common divisor of z and 1855.
7
Let a(i) be the first derivative of 12*i**2 + 96*i + 118. Let l be a(6). Calculate the highest common divisor of l and 15.
15
Let f be 5*(-3)/6*-34. Let i = 39 - -46. Calculate the highest common factor of i and f.
85
Suppose -26*k = -2057 - 1556 + 181. Let c = 5 + -3. Let a be (89 - 4) + 1 + c. What is the greatest common divisor of a and k?
44
Suppose -48*w - 36532 = -177892. Calculate the greatest common factor of w and 190.
95
Suppose -183 = -i - 4*v - 89, -3*i - 5*v = -345. Let k be (-4)/10 - 510/(-25). What is the highest common factor of k and i?
10
Suppose -5*q - p = 1165, -4*p + 626 = -2*q + 182. Let x = -188 - q. Calculate the greatest common factor of 22 and x.
22
Suppose 3*w + 410 = i - 78, -i = 3*w + 496. Let m = -77 - w. What is the highest common divisor of 12 and m?
3
Suppose -137*l + 48160 = 9030 - 9094. Let u(c) = 45*c + 20. Let k be u(2). What is the greatest common divisor of k and l?
22
Let r(f) = 2*f**2 + 15*f + 69. Let t be r(-8). Calculate the highest common divisor of 3773 and t.
77
Let z = 5230 + -5212. What is the greatest common factor of 882 and z?
18
Let i = -49 - -96. Suppose -i = -4*w - n, -3*w + 5*n + 7 = -w. Suppose -w*q = -6*q - 270. Calculate the greatest common factor of 81 and q.
27
Suppose -5*f + 4 = -3*f. Let n = f - -19. Suppose -4*o + 90*o - 12810 = 25*o. What is the highest common divisor of n and o?
21
Suppose p - 5*p = -960. Let q = -115 + p. Suppose -25*v = -30*v + q. What is the greatest common factor of v and 25?
25
Suppose -135*x = -152*x + 54281. Calculate the greatest common divisor of x and 31.
31
Suppose 2*b - 5*a + 116 = 0, -116 = 2*b - 0*b - a. Let s = 73 + -115. Let g = s - b. Calculate the greatest common divisor of g and 16.
16
Let n(x) be the first derivative of -17*x**2/2 - 29*x + 19. Let r be n(-7). Calculate the greatest common divisor of 36 and r.
18
Let j = 60 - 53. Let l be ((-30)/j)/(38/(-266)). Calculate the highest common divisor of l and 45.
15
Let j = -7720 - -7803. What is the greatest common factor of 1079 and j?
83
Let y(g) = -g**3 + 37*g**2 - 93*g - 190. Let i be y(34). Calculate the greatest common factor of i and 3103.
29
Let l(m) = m**2 - 7*m + 5. Let h be l(-6). Let t be 284/2 - (233 + -257). What is the greatest common divisor of t and h?
83
Suppose 0 = -u + f + 19 - 7, -2*u - f = -12. Suppose 14*o - 144 = u*o. Suppose 4*k + o = 6*k. What is the greatest common factor of k and 4?
4
Suppose 5*q = 434 - 139. Suppose d - 1773 = -3*w, -d = -0*w - 5*w + 2947. Calculate the highest common factor of w and q.
59
Suppose 4*m + 4 + 4 = 4*z, -1 = -4*m - 5*z. Let j be (3 + -5)/m + -3 + 537. What is the highest common divisor of 8 and j?
8
Suppose -4*p = -r - 12, -4*p - 4*r = -20 + 8. Suppose -5*l - 4*b + 137 = 0, 2*l - 5*b - 155 = -p*l. Calculate the highest common factor of l and 29.
29
Suppose 454*v = 456*v - 1288. Let f = 719 - v. Calculate the greatest common factor of f and 25.
25
Let m(x) = 7*x**2 + 77*x + 1375. Let l be m(-16). Calculate the greatest common factor of 3010 and l.
215
Let n(w) = -4*w**2 - 6*w + 24. Let u be n(-10). Let y = 750 + u. Let x be y/10 + 39/65. What is the highest common factor of 88 and x?
44
Let t(r) = -33*r**3 - 9*r**2 - 17*r + 2. Let x be t(-2). Calculate the highest common factor of x and 456.
24
Let x(z) = -2*z**3 - 9*z**2 - 32*z - 181. Let r be x(-9). What is the greatest common factor of 8987 and r?
209
Let c be ((-6)/(-27)*-3)/(4*10/(-2760)). What is the greatest common factor of 14628 and c?
46
Suppose -3*d = -153 - 426. Let y = 196 - d. Suppose -u + 2*u - 9 = 3*s, u + 1 = -2*s. What is the highest common factor of y and u?
3
Let w(n) = -n**2 + 6. Let d be (-8)/14 - (-12)/21. Let s be w(d). Suppose 31 = r + s. What is the greatest common divisor of 50 and r?
25
Let x(w) be the first derivative of -w**4/2 - 3*w**2/2 + 4*w + 24. Let r be x(-4). Calculate the highest common factor of 36 and r.
36
Suppose -2*j - 429 = -k - 161, -8 = 2*j. Let f = 73 + -143. Let w = k + f. What is the greatest common divisor of w and 10?
10
Let q(n) = 3*n - 2*n + 2 - 10*n + 0. Let y be q(-7). Calculate the greatest common divisor of y and 325.
65
Let h = -6413 + 7855. What is the greatest common factor of h and 70?
14
Let m be ((-3)/(-2))/(2/8). Suppose -n = -m - 5. Let s = 1148 - 1093. Calculate the highest common factor of n and s.
11
Suppose -12321 = 5872*w - 5909*w. Calculate the greatest common factor of w and 481.
37
Suppose 3731 = 24*r - 6421. Calculate the highest common factor of r and 940.
47
Let d = 208 + -108. Let l be (1080/126)/(((-18)/224)/((-51)/68)). Calculate the greatest common factor of l and d.
20
Suppose 0 = -3*k - 2*k + 10. Let u = -93 - -204. Let y = u + -97. Calculate the greatest common factor of k and y.
2
Let b be (-25944)/(-207) - (-30)/(-9). Let t be (-610)/1*6/(-12). What is the highest common factor of b and t?
61
Let x = -143 + 147. Suppose 9*s + x*s = 26. Let m(v) = 5*v**2 - 9*v + 12. Let g be m(s). Calculate the greatest common divisor of g and 35.
7
Let a be (3 - 73)/(32/(6912/(-90))). What is the highest common factor of 6832 and a?
56
Suppose -3*o - 6*j + j = -40, -4*j = -4*o. Suppose -58*g = -o*a - 61*g + 598, -5*g = -5*a + 590. What is the highest common divisor of a and 7?
7
Let k(z) = -26*z + 32. Let n be k(-1). Suppose 2*f - n + 38 = 0. Let w be 136/14 - (-2)/7. What is the greatest common factor of w and f?
10
Suppose -2*m = 3*m + 2*q - 9728, 0 = 2*m - q - 3884. Calculate the greatest common factor of m and 36.
36
Let y be -9 - (-36 + (-3)/3). Suppose 59*k - y*k = 465. Let c(n) = 2*n**3 - 3*n**2 - 3*n + 5. Let v be c(5). Calculate the highest common factor of v and k.
15
Let s be (-5*(-4)/(-7))/((-60)/210). Let d be ((-2)/3)/(s/(-105)). Calculate the highest common divisor of 49 and d.
7
Suppose 4797 + 603 = 6*q + 144*q. What is the greatest common factor of 1812 and q?
12
Suppose -4*h - h = 70. Let p be (-788)/h - (-4)/(-14). Let n = -1211 - -1225. Calculate the greatest common divisor of p and n.
14
Suppose -2*c + 5 = j, -2*j - 3*c + 4 = -10. Suppose 0 = 22*y - j*y - 675. Let p be -9 + 25 + 1*-1. What is the greatest common divisor of p and y?
15
Let t(q) = q**3 + 26*q + 346*q**2 - 178*q**2 - 181*q**2 - 108. Let z be t(12). What is the greatest common factor of 48 and z?
12
Suppose h = 5*h - 492. Let w be (-4)/3*(407/(-22))/(3/9). Let u = h - w. Calculate the highest common factor of u and 14.
7
Let c(d) = -299 + 83*d + 88*d - 107*d. Let y be c(5). Calculate the highest common divisor of 15 and y.
3
Let y be ((-6)/(-4))/(3/(-68)). Suppose -3*p - m + 112 + 19 = 0, 25 = 5*m. Let w = y + p. What is the highest common divisor of w and 2?
2
Let n = 6600 + -3031. Calculate the greatest common factor of 83 and n.
83
Suppose 0 = -4*a - 3*k + 734, 0*a - 191 = -a + 3*k. Let i = 303 - a. Let t = -50 + i. What is the greatest common factor of t and 17?
17
Let w(n) = -22*n**3 + 43*n + 32. Let c be w(-5). What is the greatest common divisor of c and 755?
151
Let h = 3783 - 3780. Calculate the greatest common divisor of 249 and h.
3
Let s = 261 - 256. Suppose -4*m - 392 = -4*p, -s*m + 8*m = -3*p + 264. What is the highest common divisor of p and 155?
31
Suppose 3*j + 28 = 4*u + j, 3*u = 2*j + 21. Suppose -9 = -u*w + 26. Suppose w*v - 688 + 13 = 0. What is the highest common divisor of v and 15?
15
Let o be ((-9)/(-12))/(4/8832). What is the highest common factor of 6 and o?
6
Suppose -4*a - 15 = 3*y, 0*y - 3*a = 2*y + 10. Let w(q) = q**3 + 4*q**2 - 8*q - 6. Let v